rivative of 5*s**4/12 - 5*s**3/2 + 19*s**2. What are the prime factors of i(5)?
5, 7
Let w(q) = -98*q**2 + 3*q - 6. Let b(y) = y**2 - y + 1. Let g(h) = -5*b(h) - w(h). What are the prime factors of g(-1)?
2, 23
Suppose 3*g - 12 - 4605 = 0. What are the prime factors of g?
3, 19
Let d be ((-8)/14)/(6/(-42)). Suppose -36 + 28 = -d*c. Suppose -49 = -3*q - c*r + r, 0 = -5*r + 20. List the prime factors of q.
3, 5
Let n(o) = 2*o**2 - o + 3. Suppose 7 = 4*k - 1. Suppose 0 = 3*r + 2*v - 7, -2*r + r + 5 = -k*v. What are the prime factors of n(r)?
2, 3
Suppose -2*d - 3*o + 1193 = 0, 1645 = 5*d + o - 1370. List the prime factors of d.
2, 151
Suppose -7*w + 4*w = -1380. Suppose -3*q + w = -8*q. Let u = -61 - q. List the prime factors of u.
31
Let u = 6 + 6. List the prime factors of u.
2, 3
Suppose 0*q - 2 = -r - 4*q, 2*q + 6 = 3*r. Suppose 2*w - 122 = -u, 483 = 2*u + r*u + 3*w. Suppose 4*i - u = -0*i. What are the prime factors of i?
2, 3, 5
Let t be 2 + -2 + (1 - -2). Suppose 2*q = 5*p + 12 - 31, -3*p = -t*q - 33. What are the prime factors of 8/q + (-53)/(-3)?
17
Let q be (52/13)/(1/(-31)). Let n = 177 + q. What are the prime factors of n?
53
Let q be 7/21 + (-34)/(-6). What are the prime factors of ((-3764)/6)/(-2) + q/(-9)?
313
Let u(d) = d**2 + 5*d + 2. Suppose -5 = 3*k + 3*f - 86, 0 = 2*k - 5*f - 68. Suppose -2*l - 8 = -2*x, k = 2*l - 4*l - 5*x. What are the prime factors of u(l)?
2
Suppose 0*c = 5*c. Suppose -4*k + 2*s + 481 = 123, 5*k + s - 465 = c. Suppose -1 - k = -3*n. What are the prime factors of n?
31
Let d = -1165 - -2139. What are the prime factors of d?
2, 487
List the prime factors of 3619/14 - (-1)/2.
7, 37
Let x = 2341 + -1544. What are the prime factors of x?
797
Let n be ((-4)/(-6))/(7/(-63)). Let q = -3 - n. List the prime factors of -3 + 15 - (q + 0).
3
Suppose p = 5*p + v + 3, 3*p = -5*v - 15. Suppose 5*n - 7*n + 38 = p. List the prime factors of n.
19
Let j = -194 + 615. List the prime factors of j.
421
Let d(k) = 1414*k**3 + k**2 - 6*k + 6. What are the prime factors of d(1)?
5, 283
Let a(i) = -7*i**2 - 2*i + 1. Let g be a(1). Let l be (-2)/g - 250/40. Let j(q) = q**3 + 5*q**2 - 10*q - 11. List the prime factors of j(l).
13
Let q(w) = -w**2 - 8*w + 6. Let h be q(-8). Let y be -7*(-1)/2*h. Let d = -19 + y. List the prime factors of d.
2
Let b = 94 + -43. Suppose 0 = 2*o - 3*c - b, 2*o - c = 4 + 45. Suppose -p - 4*f - o = -71, -p - f = -32. What are the prime factors of p?
3
Suppose 0 = -5*v - 106*b + 111*b + 6620, -v - 2*b = -1321. List the prime factors of v.
3, 7
Suppose 2*s + 4*o = 8, -o + 11 = 5*s - 0*o. Let c = -5 + 8. Suppose c*k = -2*u + 116, 40 + 38 = s*k + u. List the prime factors of k.
2, 5
Suppose -4*s + 4 = 0, -3*i + 16*s + 2077 = 14*s. What are the prime factors of i?
3, 7, 11
Let o(b) = -2*b**3 - 12*b**2 + b + 6. Let u(w) = 2*w**3 + 11*w**2 - 6. Let c(p) = -6*o(p) - 7*u(p). What are the prime factors of c(-4)?
2, 3, 13
Let i = 5760 + -2250. List the prime factors of i.
2, 3, 5, 13
Let s be ((-4)/(-6))/((-4)/6). What are the prime factors of (-2 - s)*237/(-3)?
79
Let l(j) = 3*j + 139. What are the prime factors of l(-5)?
2, 31
Suppose -1174 = -3*i + n + 245, -3*n = 2*i - 935. List the prime factors of i.
2, 59
Let p(n) = -n + 18. Let y be p(14). Suppose -y*g = -l - 30, -4*g + 4 = -3*g - 2*l. Suppose g*s = 605 - 85. List the prime factors of s.
5, 13
Suppose 0 = 5*w + i - 35, 0 = -0*w - 4*w + 3*i + 9. Suppose 0 = w*p - 5*p + 3. Let c(s) = -s + 2. List the prime factors of c(p).
5
Let b(v) = 2*v + 99. List the prime factors of b(38).
5, 7
List the prime factors of (98/14)/(1/(-2 + 5)).
3, 7
Suppose -938 = -112*z + 110*z. List the prime factors of z.
7, 67
Let y = 10043 + -6909. What are the prime factors of y?
2, 1567
Let o(h) = h**3 + 7*h**2 - 2. Let z be o(-5). Let i(l) = 2*l + z + 10*l**2 + 4*l - 51 - l**3. What are the prime factors of i(10)?
3, 19
Let i = -17 - -23. Suppose 2*m + 32 = i*m. Suppose 2*r = m*r - 174. List the prime factors of r.
29
Let j be 1/(-2)*(-9 + 7). Suppose u + j = 5. Let o = u - -9. List the prime factors of o.
13
Suppose -215*n = -225*n + 20050. List the prime factors of n.
5, 401
Let o(a) be the first derivative of -11*a**2 - 43*a + 26. List the prime factors of o(-8).
7, 19
Let o(j) = j**2 - 7*j - 14. What are the prime factors of o(-10)?
2, 3, 13
List the prime factors of (6/(-8))/((7/1076)/(-7)).
3, 269
Suppose 0 = 4*w - 4*u - 184, 0 = w + u - 43 + 5. Let o = 45 + w. Suppose 4*i = i + o. What are the prime factors of i?
29
Suppose -99 = -5*o + 3*a, 4*o + a - 69 = -0*a. Suppose -3*s + 5*s + o = 0. Let b = 13 + s. List the prime factors of b.
2
Let n(l) = l**2 + 4*l + 20. What are the prime factors of n(17)?
13, 29
Suppose 100 = 5*r - 5*n, n = 3*n - 2. Suppose 8*q - 493 = -r. List the prime factors of q.
59
Let o(u) = u**2 + 3*u + 5. Let s be o(-9). Let f = 58 + s. Suppose 26 = q - w, 5*q - 15 - f = 4*w. What are the prime factors of q?
2, 7
Let g(o) = -o**2 - 8*o - 2. Suppose 3 = 4*l + 3*m - 2*m, -15 = -5*m. Suppose 0 = c + 7 - l. List the prime factors of g(c).
5
Let g = 124 + -269. What are the prime factors of (8/5)/((-2)/g)?
2, 29
Suppose -k + 11193 = 3*r, -6*r + r = 2*k - 18655. What are the prime factors of r?
7, 13, 41
Suppose -2*w = 2*h + 344, h - 19*w + 152 = -16*w. Let t = -122 + 3. Let p = t - h. List the prime factors of p.
2, 3
Let u(z) = -3*z - 20. Let r be u(-8). Suppose -r = -2*l + 3*l, 0 = n - 2*l - 191. List the prime factors of n.
3, 61
Suppose -12*v + 10*v + 3*y + 3439 = 0, v = -y + 1722. List the prime factors of v.
1721
Let h(z) = -z**3 - 5*z**2 + 6*z + 4. Let m be h(-6). Suppose -3*b - 5*c + 102 = 0, -m*c + 45 = 2*b - 23. What are the prime factors of b?
2, 17
Let l = 1210 - 2458. What are the prime factors of (l/80)/(2/(-5))?
3, 13
Suppose 0 = -4*l + 2*l. Suppose 3*a - 8 = -2*r, -a - 3*r + 2 = -2*r. Suppose a*m = 4*g - 228, -2*m = -l*g - 3*g + 172. List the prime factors of g.
2, 29
Let t = -69 - -212. Let w = -79 + t. Suppose -d - w = -5*d. List the prime factors of d.
2
Suppose -181*r + 193*r = 21504. List the prime factors of r.
2, 7
Let n(h) = h**2 + 45*h + 55. List the prime factors of n(-47).
149
Let p = -317 + 516. List the prime factors of p.
199
Let c = -71 + 175. Let i = c + -1. List the prime factors of i.
103
Suppose 189 = 3*t - 189. What are the prime factors of t?
2, 3, 7
Let m(s) be the third derivative of s**6/30 + s**5/60 - s**4/24 - s**2. Let a be m(1). Let o(u) = 14*u - 5. What are the prime factors of o(a)?
3, 17
Suppose -7*a + 6*a - 1 = 0. List the prime factors of 88 - (a - -2)*4.
2, 3, 7
Suppose -5*i + 2*f = -6, -2*f - 5 = -3*i + 1. Suppose i*o = -3*o. Suppose -3*u - 3*v + 96 = o, 0 = 3*u + u - 2*v - 122. List the prime factors of u.
31
Let y(m) = -3*m - 1. Let x = -3 + 3. Suppose -4*j = -x*j + 8. What are the prime factors of y(j)?
5
Let w = -38 - -249. Suppose p - 53 = -0*p - 5*m, -3*p - 2*m = -w. What are the prime factors of p?
73
List the prime factors of -21*(-3 - -2 - -2)*-8.
2, 3, 7
Let w(r) = r**3 + 3 + 3 + 13*r**2 - 16*r**2 - r - 7*r. Let t be w(5). Let m(d) = d**2 - 15*d - 13. What are the prime factors of m(t)?
3
Let i(j) = -2*j + 19. Let r(o) = o**2 - 10*o - 29. Let d be r(11). What are the prime factors of i(d)?
5, 11
Let g(c) be the first derivative of c**6/72 + c**5/40 - c**4/4 + 2*c**3/3 - 7. Let r(p) be the third derivative of g(p). List the prime factors of r(3).
2, 3
Let a = 1808 + -884. What are the prime factors of a?
2, 3, 7, 11
Let u(l) = 5*l - 2. Let s(r) = -20*r + 8. Let a(o) = 4*s(o) + 18*u(o). Let y be a(3). Let x = y + 5. What are the prime factors of x?
31
Suppose 4*n - 571 = -3*w, -w - 47 + 244 = 3*n. What are the prime factors of w?
5, 37
Let p = -19 + 19. Suppose p = -5*d + 350 + 170. What are the prime factors of d?
2, 13
Suppose 0 = -0*l - l + 3. Suppose 5*o + 23 = l*n, -n + 5*o + 12 = -9. What are the prime factors of 2 + -1 - (-2)/n?
3
Let w be ((-18)/12)/(2/(-4)). Suppose -3*l - 3*l + 36 = 0. Suppose 2*p = -l, -p - 23 - 55 = -w*j. List the prime factors of j.
5
Let x(u) = -u**3 + 8*u**2 - 9*u + 9. Let n be x(7). Let z be n/((-10)/14) + -2. Suppose -4*d + 156 = -z*q, q - 233 = -4*d - 53. List the prime factors of d.
2, 11
Let z = 48 - 44. Suppose -240 = -4*q + 2*q + 5*m, -z*q - m = -502. What are 